 = 5*a**3 + 33*a**2 + 5*a - 5. Let w(l) = -9*b(l) - 2*z(l). Calculate w(6).
-5
Let l(b) be the third derivative of -b**6/120 - 11*b**5/60 + 5*b**4/12 + b**3/2 - 29*b**2 + 3. Determine l(-11).
-107
Let b = -13557 + 13547. Let j(c) = -c**3 - 10*c**2 + 2*c - 8. Give j(b).
-28
Let d = 7121 - 7120. Let a(z) = -2*z**3 - 2*z + 2. Calculate a(d).
-2
Let q(y) = y + 64. Let d(t) = 7. Let a(w) = 10*d(w) - q(w). Calculate a(-14).
20
Let t(b) = 3*b**3 - 4*b**2 + b - 8. Let l(h) = -2*h**3 - 2*h**2 - 1. Let c(u) = 2*l(u) + t(u). Give c(-7).
-66
Let y be (-1089)/(-110) + (-1)/(-10). Let b(n) = -3 + y*n**2 - n**3 + 12*n**2 - 19*n**2 - 2. Give b(4).
-21
Let x(m) = 4*m**2 - m. Let f be x(1). Let n be (-1)/3 + (-8)/f. Let u(i) = -11*i + 10. Let b(c) = 29*c - 28. Let w(h) = -4*b(h) - 11*u(h). Determine w(n).
-13
Suppose b - z - 6 = -1, -3*b = 4*z - 36. Let y(a) = -a**3 + 8*a**2 + 4*a - 11. What is y(b)?
21
Let l(v) = -5 + 931*v - v**2 + 939*v + 930*v - 2806*v. Let f be (2 + -1)*(1 + -3). Let t be (-2 - (-2 + -3))*f. Give l(t).
-5
Let z(c) = -17 + 14 + 2*c**2 + 4*c + c - 3*c**2. Let o = -15282 + 15286. Determine z(o).
1
Let v(g) = g + 2. Suppose 50 = -a + 4*f, 228 = -5*a + f - 41. Suppose -4*p + 4*m + 233 = p, 3*p - 138 = 3*m. Let b = p + a. Determine v(b).
-3
Let c(q) = -9*q + 3 + 2*q**2 - 4*q**2 - 29*q. Let n be c(-19). Let i(f) = -67*f**n - 10 + 130*f**3 - f**2 - 64*f**3. What is i(0)?
-10
Let a(d) = 3*d - 78 + 44 + 17. Determine a(12).
19
Let s(n) be the third derivative of n**4/24 + n**3/3 - 95*n**2 - 2. Calculate s(-5).
-3
Let w(h) be the first derivative of h**4/12 - 5*h**3/6 - 2*h**2 + 43*h + 115. Let n(v) be the first derivative of w(v). Determine n(6).
2
Let g(f) = -f - 11. Let l(p) = -p**2 - 9*p + 22. Let o be l(-11). Suppose 10*s - 280 = -o*s. Let w = s - 28. Determine g(w).
-11
Let q(f) be the third derivative of -f**4/8 + 19*f**3/3 - 6*f**2 + 23*f - 2. Determine q(10).
8
Let t(j) = -j**3 - 3*j**2 + 3*j + 3. Let q(n) = n**3 + 7*n**2 - 3. Let y(b) = -b**2 + 33*b + 27. Let i be y(34). Let c be q(i). What is t(c)?
-6
Let s(a) = -3*a - 2. Let x be s(1). Let v(b) be the second derivative of -b**4/12 - b**3/6 + 5*b**2 - 7*b - 5. Determine v(x).
-10
Let c(r) = 13830 + 13866 + 11*r - 27697. Suppose -q - 3 + 2 = 0. Determine c(q).
-12
Let v = 540 + -550. Let i(l) be the third derivative of 0 + 0*l - 5*l**2 + 1/60*l**5 + 5/12*l**4 + l**3. Determine i(v).
6
Let b(d) = 5*d + 17. Let a(u) = 4*u + 17. Let o(m) = 7*a(m) - 6*b(m). Let q be o(15). Let r(v) = 2*v + 10. Give r(q).
-16
Let w = 20971 - 20993. Let p(f) = -2*f - 97. Determine p(w).
-53
Let z = 137 - 128. Let o(j) = 10 + z*j - 1 - 9*j**2 + 2 - 97*j**3 + 98*j**3. Determine o(8).
19
Let s(u) = u**2 - 24*u + 40. Let k = -1938 + 1959. Determine s(k).
-23
Let o(s) = -38*s - 10*s**2 + 12 + 11*s**2 + 12*s + 34*s. Let i = -11 + 5. Give o(i).
0
Suppose 8*s - 1288 = 136. Let v = 177 - s. Let y(j) = 15*j**3 - j**2 - j - 1. Calculate y(v).
-16
Suppose 39 = -5*b - u, -27 = 5*b - u - u. Let n(v) be the first derivative of -v**3/3 - 7*v**2/2 + 4*v - 2. Give n(b).
4
Let y(w) = -5*w + 38. Suppose c - 14 = 3*i, 0 = -3*i - 0 - 3. Calculate y(c).
-17
Let q(z) = z + 182. Let s(i) = -i - 216. Let r(n) = 6*q(n) + 5*s(n). Give r(-23).
-11
Suppose -146*z + 123 - 444 = -39*z. Let m(s) = 10*s + 9. Calculate m(z).
-21
Let u(n) = -70*n - 21. Let s(o) = 34*o + 9. Let p(x) = -5*s(x) - 2*u(x). Give p(4).
-123
Let l(m) be the third derivative of 0*m**4 - m**3 + 1/60*m**5 + 0 + 36*m**2 + 0*m. What is l(-5)?
19
Suppose -19 - 5 = -6*w. Let q(h) = -33*h**3 - w*h + 14*h**3 + 4 + 20*h**3 - 5*h**2 + 0*h**2. Give q(5).
-16
Let m(n) = -n**2 - 13*n - 6. Let t(s) = -2*s**3 - 5*s**2 + 2*s - 125. Let l be t(-5). What is m(l)?
24
Suppose 2*s = -2*b, -4*s - b + 457 = 466. Let m(y) = -4*y**3 - 11*y**2 + 6*y + 7. Determine m(s).
-2
Let d = 3 - 2. Let x be (-1)/((2/(-8))/((-11)/(-22))). Let u(v) = 2*v**2 + 0 + v**x + 6*v**2 - 1. Give u(d).
8
Let g(y) = -2*y - 18. Let z(q) = -21*q - 40. Let f(a) = -6*g(a) + z(a). Determine f(6).
14
Suppose -3*w = 3*y - 75, -4*y + 3*y + 37 = -2*w. Let g(t) = -y*t**2 + 62*t**2 - 1 - 34*t**2 - 12*t - 22. Calculate g(-10).
-3
Let b(g) = -5*g + 3. Let u(x) = -32*x + 40. Let v(c) = 5*b(c) - u(c). Determine v(8).
31
Suppose -y + 2*n - 16 = 0, -8 = y + y + 2*n. Let q be 18/(-12)*y/3. Let b(c) be the third derivative of c**4/12 - c**3 - 2*c**2. Give b(q).
2
Let z(d) be the third derivative of -d**5/30 - 2*d**4/3 + 25*d**3/6 + 96*d**2. Determine z(-11).
-41
Let g(f) = 16*f - 23. Let p(k) = 46*k + 3445. Let s be p(-75). Determine g(s).
-103
Let n be 0/((-12)/96*-40). Let s(p) = 10*p + 43. Determine s(n).
43
Let m(i) = i**3 - 6*i**2 - 17*i + 5. Let l be m(8). Let y(h) = h + 10. Let s(c) = 8. Let x(a) = l*s(a) + 2*y(a). Give x(5).
6
Let l be (5/(-55))/((-26)/(-286)). Let w(s) = -5*s**3 - 7*s**2 - 7*s + 1. Determine w(l).
6
Let r(s) = -s + 17. Let h(f) = f**2 - 24*f - 20. Let z(x) = -x. Let o(y) = -h(y) + 5*z(y). Let c be o(20). Calculate r(c).
17
Suppose -4*s - 20 = 2*h, 27*s = 4*h + 30*s + 50. Let j(q) = q**2 + 15*q + 37. What is j(h)?
23
Let l(z) = -63*z + 8 - 35 + 130 + 85*z + 30. What is l(-6)?
1
Suppose -7 = -5*q + 3*i, -i + 4 = 3*q - 3. Let a be ((-3)/(-12))/(q/16). Let p(o) = 7*o - 5*o**a + 84 + 4*o**2 - 34 - 40. What is p(8)?
2
Suppose 5*q = 2*q + 3. Let a = q + -9. Let i(s) = -1323*s + 439*s - 2 + 1 + 442*s + 441*s - 9. Give i(a).
-2
Let f(z) = -71*z - 883. Let o be f(-12). Let d(u) = 7*u + 218. What is d(o)?
1
Let w(n) = -n**2 - 2*n + 3. Let o(p) = -p**3 + 5*p**2 - 8*p + 15. Let a(s) = -o(s) + w(s). What is a(7)?
79
Let s(c) = c**3 - 10*c**2 + 9*c + 6. Let k = 63 - 39. Let g = -22 + k. Suppose -7*b - g*b = -81. What is s(b)?
6
Let i(m) = -m**2 + 73*m - 1196. Let y = -32009 + 32034. Give i(y).
4
Let y(w) = -11 + 2*w + 4 - 12. Let j be 3/((-13)/910*-21). What is y(j)?
1
Suppose p - c - 254 = c, 0 = -4*p - 3*c + 1016. Suppose -4*h + 146 + p = 0. Let l = h - 96. Let a(k) = -k**3 + 2*k**2 + 3*k + 1. Calculate a(l).
-19
Let g(t) = 5*t - 9. Let y(m) = 27*m - 51. Let k(l) = -44*g(l) + 8*y(l). What is k(-6)?
12
Let v(t) = -4*t - 960*t**2 - 3 + 1965*t**2 + 3 - 1006*t**2. Calculate v(0).
0
Let k(r) = 9*r + 15. Let y(u) = 6*u + 11. Let x(o) = 5*k(o) - 7*y(o). Let f be 32/144 - (-2)/(-9). Suppose f = 2*d - 0*d - 8. Give x(d).
10
Let q(b) = -21*b**3 + b**2 + 4*b - 6. Suppose -10*j + a + 16 = 0, -4*j + 100*a - 98*a = 0. What is q(j)?
-162
Let v be (-16 - -13)/(-1 + 0). Let c(a) = -3*a - 45*a**3 + a + 11 + 3*a + 46*a**v. Give c(0).
11
Let y(l) be the third derivative of l**5/60 + 5*l**4/12 - 5*l**3/6 - l**2. Suppose -18415*i + 125 = -18440*i. What is y(i)?
-30
Let w(i) = i**2 - 13*i - 5. Suppose -6775*v = -6788*v + 143. What is w(v)?
-27
Suppose -3*u - 5*m = u + 28, u + 7 = -4*m. Let o(s) be the first derivative of s**2 + 10*s - 6. What is o(u)?
-4
Let d(y) = 921*y + 89 - 296*y - 303*y - 305*y. Determine d(-6).
-13
Let a(y) = 0*y + 7*y - 26 - y + 8*y - 2*y - y**2. Give a(8).
6
Let c(o) be the third derivative of 0*o + o**2 - 1/8*o**4 + 1/60*o**5 + 0 - 1/3*o**3. Let s = 2886 - 2883. Give c(s).
-2
Let u(p) = -3*p. Let r(z) = -23*z - 14 + 3 - 12*z - 2*z**2 - 3. Let n be r(-17). Suppose 0 = -13*y + 10*y + n. Give u(y).
-3
Let r(m) be the second derivative of -m**5/20 + 3*m**4/2 + m**3/6 - 49*m**2/2 + 2*m + 2416. Give r(18).
-31
Suppose -6*s = 13918 - 13876. Let i(a) = -14*a - 99. Give i(s).
-1
Let s(l) be the third derivative of l**4/24 - l**3/2 - 48*l**2 - 11*l. Determine s(-17).
-20
Let j(t) = -t**2 + 13*t - 9. Suppose 33*o = 5*n + 35*o - 82, 5*n - 5*o = 75. Determine j(n).
-57
Let f(s) = -2*s + 4. Let k be 19 + -22 + (2 - (-2 - 133)). Let a = 137 - k. Determine f(a).
-2
Let b be 1/(-11)*-31 - 24/(-132). Let i be (-16)/(b - -1) - -6. Let u(y) = 7*y. Determine u(i).
14
Let i = -49 - -63. Let z(y) = -8*y + i*y - 7*y - 6. Let t(p) = -p - 2. Let a be t(5). Give z(a).
1
Let a(k) be the first derivative of -1/3*k**3 - 8*k - 20 - 5*k**2. What is a(-6)?
16
Let z(y) = -1206*y**3 - 12*y**2 - 28 + 1208*y**3 + 41 - 9*y. Give z(6).
-41
Let w(l) = l**3 - 3*l**2 + 4*l - 10. Let t be w(3). Let j(n) = -8 - t*n + 2 + 5 + 2. Determine j(0).
1
Let q(b) = 27*b - 161. Let c be q(23). Let h = c - 450. Let t(s) = -s + 0 - 10*s + s**3 + 14 - 9*s**2. Determine t(h).
4